{"id":7,"date":"2024-09-30T15:21:37","date_gmt":"2024-09-30T13:21:37","guid":{"rendered":"http:\/\/localhost:8888\/wordpress\/?page_id=7"},"modified":"2024-09-30T22:51:42","modified_gmt":"2024-09-30T20:51:42","slug":"accueil","status":"publish","type":"page","link":"https:\/\/recreactif.com\/","title":{"rendered":"Accueil"},"content":{"rendered":"\n<div class=\"wp-block-group alignfull has-ast-global-color-5-background-color has-background is-content-justification-center is-layout-constrained wp-container-core-group-is-layout-d74024f8 wp-block-group-is-layout-constrained\" id=\"About\" style=\"padding-top:180px;padding-bottom:129px\">\n<div class=\"wp-block-media-text has-media-on-the-right is-stacked-on-mobile is-vertically-aligned-center\" style=\"padding-right:0;padding-left:0;grid-template-columns:auto 54%\"><div class=\"wp-block-media-text__content\">\n<div class=\"inherit-container-width wp-block-group is-layout-constrained wp-container-core-group-is-layout-47ce07ec wp-block-group-is-layout-constrained\" style=\"padding-right:80px\">\n<h2 class=\"wp-block-heading\" style=\"padding-right:40px\"><strong>Partageons le plaisir d\u2019\u00eatre ensemble&nbsp;<\/strong>!<\/h2>\n\n\n\n<p>Bienvenue sur le site R\u00e9cr\u00e9actif. L\u2019association loi 1901 est \u00e0 but non lucratif. Notre projet est centr\u00e9 sur le bien-\u00eatre, le plaisir, prendre du temps pour soi et pour les autres, bien vivre tous ensemble en respectant les diversit\u00e9s culturelles et les opinions de chacun.<\/p>\n\n\n\n<p><strong>Adh\u00e9sion annuelle<\/strong>&nbsp;de 20\u20ac par famille et participation en fonction des activit\u00e9s.<\/p>\n\n\n\n<div class=\"wp-block-buttons is-layout-flex wp-block-buttons-is-layout-flex\">\n<div class=\"wp-block-button\"><a class=\"wp-block-button__link wp-element-button\" href=\"mailto:bureau@recreactif.com\">Nous \u00e9crire<\/a><\/div>\n<\/div>\n<\/div>\n<\/div><figure class=\"wp-block-media-text__media\"><img loading=\"lazy\" decoding=\"async\" width=\"830\" height=\"451\" src=\"http:\/\/localhost:8888\/wordpress\/wp-content\/uploads\/2024\/09\/Photo-de-groupe-forum-des-associations-2024-e1727709487301.webp\" alt=\"Photo de groupe forum des associations 2024\" class=\"wp-image-58 size-full\" srcset=\"https:\/\/recreactif.com\/wp-content\/uploads\/2024\/09\/Photo-de-groupe-forum-des-associations-2024-e1727709487301.webp 830w, https:\/\/recreactif.com\/wp-content\/uploads\/2024\/09\/Photo-de-groupe-forum-des-associations-2024-e1727709487301-300x163.webp 300w, https:\/\/recreactif.com\/wp-content\/uploads\/2024\/09\/Photo-de-groupe-forum-des-associations-2024-e1727709487301-768x417.webp 768w\" sizes=\"auto, (max-width: 830px) 100vw, 830px\" \/><\/figure><\/div>\n<\/div>\n\n\n\n<div class=\"wp-block-group alignfull has-ast-global-color-2-color has-ast-global-color-4-background-color has-text-color has-background has-link-color wp-elements-539229863cb6a2a242e03c8020a4ce24 is-layout-constrained wp-container-core-group-is-layout-6a2cfb7b wp-block-group-is-layout-constrained\" id=\"About\">\n<figure class=\"wp-block-image aligncenter size-full is-resized\"><img loading=\"lazy\" decoding=\"async\" width=\"800\" height=\"361\" src=\"http:\/\/localhost:8888\/wordpress\/wp-content\/uploads\/2024\/09\/Photo-groupe-association-recreactif.webp\" alt=\"\" class=\"wp-image-66\" style=\"width:652px;height:auto\" srcset=\"https:\/\/recreactif.com\/wp-content\/uploads\/2024\/09\/Photo-groupe-association-recreactif.webp 800w, https:\/\/recreactif.com\/wp-content\/uploads\/2024\/09\/Photo-groupe-association-recreactif-300x135.webp 300w, https:\/\/recreactif.com\/wp-content\/uploads\/2024\/09\/Photo-groupe-association-recreactif-768x347.webp 768w\" sizes=\"auto, (max-width: 800px) 100vw, 800px\" \/><\/figure>\n\n\n\n<p class=\"has-text-align-center\" style=\"font-size:18px;line-height:1.6\">Notre association contribue au&nbsp;<strong>bien-\u00eatre<\/strong>, au&nbsp;<strong>d\u00e9veloppement des solidarit\u00e9s<\/strong>&nbsp;et des&nbsp;<strong>liens<\/strong>&nbsp;entre les habitants. Nous soutenons la prise d\u2019initiative et incitons nos adh\u00e9rents \u00e0 participer \u00e0 la vie citoyenne.<\/p>\n\n\n\n<p class=\"has-text-align-center\" style=\"font-size:18px;line-height:1.6\">Les&nbsp;<strong>b\u00e9n\u00e9voles sont chaque ann\u00e9e plus nombreux<\/strong> et le&nbsp;<strong>soutien de nos partenaires<\/strong>&nbsp;contribue au d\u00e9veloppement de R\u00e9cr\u00e9actif.<\/p>\n<\/div>\n\n\n\n<div class=\"wp-block-group alignfull is-layout-constrained wp-container-core-group-is-layout-aca1ca0b wp-block-group-is-layout-constrained\" id=\"Goals\" style=\"padding-top:120px;padding-bottom:120px\">\n<h2 class=\"wp-block-heading\">Nos objectifs<\/h2>\n\n\n\n<div class=\"wp-block-columns is-layout-flex wp-container-core-columns-is-layout-29aadeec wp-block-columns-is-layout-flex\" style=\"margin-top:60px\">\n<div class=\"wp-block-column is-layout-flow wp-container-core-column-is-layout-6b73ce23 wp-block-column-is-layout-flow\">\n<figure class=\"wp-block-image aligncenter size-full is-resized\"><img loading=\"lazy\" decoding=\"async\" width=\"400\" height=\"315\" src=\"http:\/\/localhost:8888\/wordpress\/wp-content\/uploads\/2024\/09\/Yuppies-Exercising.webp\" alt=\"\" class=\"wp-image-68\" style=\"width:240px\" srcset=\"https:\/\/recreactif.com\/wp-content\/uploads\/2024\/09\/Yuppies-Exercising.webp 400w, https:\/\/recreactif.com\/wp-content\/uploads\/2024\/09\/Yuppies-Exercising-300x236.webp 300w\" sizes=\"auto, (max-width: 400px) 100vw, 400px\" \/><\/figure>\n\n\n\n<h5 class=\"wp-block-heading has-text-align-center\" style=\"margin-top:16px\">Favoriser le bien-\u00eatre et le mieux vivre ensemble<\/h5>\n<\/div>\n\n\n\n<div class=\"wp-block-column is-layout-flow wp-container-core-column-is-layout-6b73ce23 wp-block-column-is-layout-flow\">\n<figure class=\"wp-block-image aligncenter size-full is-resized\"><img loading=\"lazy\" decoding=\"async\" width=\"400\" height=\"306\" src=\"http:\/\/localhost:8888\/wordpress\/wp-content\/uploads\/2024\/09\/Yuppies-Living-Area.webp\" alt=\"\" class=\"wp-image-69\" style=\"width:240px\" srcset=\"https:\/\/recreactif.com\/wp-content\/uploads\/2024\/09\/Yuppies-Living-Area.webp 400w, https:\/\/recreactif.com\/wp-content\/uploads\/2024\/09\/Yuppies-Living-Area-300x230.webp 300w\" sizes=\"auto, (max-width: 400px) 100vw, 400px\" \/><\/figure>\n\n\n\n<h5 class=\"wp-block-heading has-text-align-center\" style=\"margin-top:16px\">Lutter contre toute forme d&rsquo;isolement et d&rsquo;exclusion<\/h5>\n<\/div>\n\n\n\n<div class=\"wp-block-column is-layout-flow wp-container-core-column-is-layout-6b73ce23 wp-block-column-is-layout-flow\">\n<figure class=\"wp-block-image aligncenter size-full is-resized\"><img loading=\"lazy\" decoding=\"async\" width=\"400\" height=\"305\" src=\"http:\/\/localhost:8888\/wordpress\/wp-content\/uploads\/2024\/09\/Yuppies-Super-Idea.webp\" alt=\"\" class=\"wp-image-71\" style=\"width:240px\" srcset=\"https:\/\/recreactif.com\/wp-content\/uploads\/2024\/09\/Yuppies-Super-Idea.webp 400w, https:\/\/recreactif.com\/wp-content\/uploads\/2024\/09\/Yuppies-Super-Idea-300x229.webp 300w\" sizes=\"auto, (max-width: 400px) 100vw, 400px\" \/><\/figure>\n\n\n\n<h5 class=\"wp-block-heading has-text-align-center\" style=\"margin-top:16px\">D\u00e9velopper des savoir-faire et des connaissances<\/h5>\n<\/div>\n\n\n\n<div class=\"wp-block-column is-layout-flow wp-container-core-column-is-layout-6b73ce23 wp-block-column-is-layout-flow\">\n<figure class=\"wp-block-image aligncenter size-full is-resized\"><img loading=\"lazy\" decoding=\"async\" width=\"400\" height=\"324\" src=\"http:\/\/localhost:8888\/wordpress\/wp-content\/uploads\/2024\/09\/Yuppies-Designing.webp\" alt=\"\" class=\"wp-image-70\" style=\"width:240px\" srcset=\"https:\/\/recreactif.com\/wp-content\/uploads\/2024\/09\/Yuppies-Designing.webp 400w, https:\/\/recreactif.com\/wp-content\/uploads\/2024\/09\/Yuppies-Designing-300x243.webp 300w\" sizes=\"auto, (max-width: 400px) 100vw, 400px\" \/><\/figure>\n\n\n\n<h5 class=\"wp-block-heading has-text-align-center\" style=\"margin-top:16px\">Favoriser la pr\u00e9vention de la perte d\u2019autonomie<\/h5>\n<\/div>\n<\/div>\n<\/div>\n\n\n\n<div class=\"wp-block-group alignfull has-ast-global-color-0-background-color has-background is-layout-constrained wp-container-core-group-is-layout-aca1ca0b wp-block-group-is-layout-constrained\" id=\"Contact\" style=\"padding-top:120px;padding-bottom:120px\">\n<h2 class=\"wp-block-heading alignwide has-white-color has-text-color\" style=\"font-size:48px;line-height:1.2\">Nous contacter<\/h2>\n\n\n\n<div class=\"wp-block-columns alignwide is-layout-flex wp-container-core-columns-is-layout-28f84493 wp-block-columns-is-layout-flex\">\n<div class=\"wp-block-column is-layout-flow wp-block-column-is-layout-flow\" style=\"flex-basis:60%\">\n<p class=\"has-ast-global-color-5-color has-text-color has-link-color wp-elements-aaf14c6639a3b2d05cc58e551ed3c814\">Vous pouvez nous \u00e9crire par mail \u00e0 l&rsquo;adresse suivante : <a href=\"mailto:bureau@recreactif.com\" target=\"_blank\" rel=\"noreferrer noopener\">bureau@recreactif.com<\/a> ou nous appeler au 0610726395.<\/p>\n<\/div>\n\n\n\n<div class=\"wp-block-column is-layout-flow wp-block-column-is-layout-flow\"><\/div>\n<\/div>\n<\/div>\n\n\n\n<div class=\"wp-block-group alignfull is-layout-constrained wp-container-core-group-is-layout-0858f599 wp-block-group-is-layout-constrained\" id=\"Articles\" style=\"padding-top:80px;padding-bottom:80px\">\n<h2 class=\"wp-block-heading\">Nos derniers articles<\/h2>\n\n\n\n<div class=\"wp-block-columns is-layout-flex wp-container-core-columns-is-layout-60cbf9bb wp-block-columns-is-layout-flex\" style=\"margin-top:50px\">\n<div class=\"wp-block-column is-layout-flow wp-block-column-is-layout-flow\" style=\"flex-basis:100%\"><ul style=\"padding-right:0;padding-left:0;padding-top:0;padding-bottom:0;margin-right:0;margin-left:0;\" class=\"wp-block-latest-posts__list is-grid columns-3 wp-block-latest-posts\"><li><a class=\"wp-block-latest-posts__post-title\" href=\"https:\/\/recreactif.com\/?p=7779\">Conf\u00e9rence sur les arnaques avec \u00ab\u00a0Que choisir\u00a0\u00bb<\/a><div class=\"wp-block-latest-posts__post-excerpt\">Hier soir, la salle des associations \u00e9tait pleine pour accueillir Pascal, intervenant engag\u00e9\u2026 <a class=\"wp-block-latest-posts__read-more\" href=\"https:\/\/recreactif.com\/?p=7779\" rel=\"noopener noreferrer\">Lire la suite<span class=\"screen-reader-text\">\u00a0: Conf\u00e9rence sur les arnaques avec \u00ab\u00a0Que choisir\u00a0\u00bb<\/span><\/a><\/div><\/li>\n<li><a class=\"wp-block-latest-posts__post-title\" href=\"https:\/\/recreactif.com\/?p=7776\">Atelier \u00ab\u00a0bidouille\u00a0\u00bb<\/a><div class=\"wp-block-latest-posts__post-excerpt\">ATELIER BIDOUILLE C\u2019est une premi\u00e8re ce jeudi 9 avril&nbsp;: nous sommes un bon\u2026 <a class=\"wp-block-latest-posts__read-more\" href=\"https:\/\/recreactif.com\/?p=7776\" rel=\"noopener noreferrer\">Lire la suite<span class=\"screen-reader-text\">\u00a0: Atelier \u00ab\u00a0bidouille\u00a0\u00bb<\/span><\/a><\/div><\/li>\n<li><div class=\"wp-block-latest-posts__featured-image aligncenter\"><img loading=\"lazy\" decoding=\"async\" width=\"169\" height=\"300\" src=\"https:\/\/recreactif.com\/wp-content\/uploads\/2026\/04\/Photo-atelier-bien-etre-morphologie-169x300.jpg\" class=\"attachment-medium size-medium wp-post-image\" alt=\"\" style=\"\" srcset=\"https:\/\/recreactif.com\/wp-content\/uploads\/2026\/04\/Photo-atelier-bien-etre-morphologie-169x300.jpg 169w, https:\/\/recreactif.com\/wp-content\/uploads\/2026\/04\/Photo-atelier-bien-etre-morphologie-576x1024.jpg 576w, https:\/\/recreactif.com\/wp-content\/uploads\/2026\/04\/Photo-atelier-bien-etre-morphologie-768x1365.jpg 768w, https:\/\/recreactif.com\/wp-content\/uploads\/2026\/04\/Photo-atelier-bien-etre-morphologie-864x1536.jpg 864w, https:\/\/recreactif.com\/wp-content\/uploads\/2026\/04\/Photo-atelier-bien-etre-morphologie.jpg 1152w\" sizes=\"auto, (max-width: 169px) 100vw, 169px\" \/><\/div><a class=\"wp-block-latest-posts__post-title\" href=\"https:\/\/recreactif.com\/?p=7772\">Atelier bien \u00eatre \u00ab\u00a0morphologie\u00a0\u00bb<\/a><div class=\"wp-block-latest-posts__post-excerpt\">L\u2019atelier de Johanna consacr\u00e9 \u00e0 la morphologie a \u00e9t\u00e9 bien plus qu\u2019un simple\u2026 <a class=\"wp-block-latest-posts__read-more\" href=\"https:\/\/recreactif.com\/?p=7772\" rel=\"noopener noreferrer\">Lire la suite<span class=\"screen-reader-text\">\u00a0: Atelier bien \u00eatre \u00ab\u00a0morphologie\u00a0\u00bb<\/span><\/a><\/div><\/li>\n<\/ul><\/div>\n<\/div>\n<\/div>\n\n\n\n<p><\/p>\n","protected":false},"excerpt":{"rendered":"<p>Partageons le plaisir d\u2019\u00eatre ensemble&nbsp;! Bienvenue sur le site R\u00e9cr\u00e9actif. L\u2019association loi 1901 est \u00e0 but non lucratif. Notre projet est centr\u00e9 sur le bien-\u00eatre, le plaisir, prendre du temps pour soi et pour les autres, bien vivre tous ensemble en respectant les diversit\u00e9s culturelles et les opinions de chacun. Adh\u00e9sion annuelle&nbsp;de 20\u20ac par famille [&hellip;]<\/p>\n","protected":false},"author":1,"featured_media":0,"parent":0,"menu_order":0,"comment_status":"closed","ping_status":"closed","template":"","meta":{"site-sidebar-layout":"no-sidebar","site-content-layout":"plain-container","ast-site-content-layout":"","site-content-style":"default","site-sidebar-style":"default","ast-global-header-display":"","ast-banner-title-visibility":"","ast-main-header-display":"","ast-hfb-above-header-display":"","ast-hfb-below-header-display":"","ast-hfb-mobile-header-display":"","site-post-title":"disabled","ast-breadcrumbs-content":"","ast-featured-img":"","footer-sml-layout":"","theme-transparent-header-meta":"enabled","adv-header-id-meta":"","stick-header-meta":"","header-above-stick-meta":"","header-main-stick-meta":"","header-below-stick-meta":"","astra-migrate-meta-layouts":"default","ast-page-background-enabled":"default","ast-page-background-meta":{"desktop":{"background-color":"var(--ast-global-color-4)","background-image":"","background-repeat":"repeat","background-position":"center center","background-size":"auto","background-attachment":"scroll","background-type":"","background-media":"","overlay-type":"","overlay-color":"","overlay-opacity":"","overlay-gradient":""},"tablet":{"background-color":"","background-image":"","background-repeat":"repeat","background-position":"center center","background-size":"auto","background-attachment":"scroll","background-type":"","background-media":"","overlay-type":"","overlay-color":"","overlay-opacity":"","overlay-gradient":""},"mobile":{"background-color":"","background-image":"","background-repeat":"repeat","background-position":"center center","background-size":"auto","background-attachment":"scroll","background-type":"","background-media":"","overlay-type":"","overlay-color":"","overlay-opacity":"","overlay-gradient":""}},"ast-content-background-meta":{"desktop":{"background-color":"var(--ast-global-color-5)","background-image":"","background-repeat":"repeat","background-position":"center center","background-size":"auto","background-attachment":"scroll","background-type":"","background-media":"","overlay-type":"","overlay-color":"","overlay-opacity":"","overlay-gradient":""},"tablet":{"background-color":"var(--ast-global-color-5)","background-image":"","background-repeat":"repeat","background-position":"center center","background-size":"auto","background-attachment":"scroll","background-type":"","background-media":"","overlay-type":"","overlay-color":"","overlay-opacity":"","overlay-gradient":""},"mobile":{"background-color":"var(--ast-global-color-5)","background-image":"","background-repeat":"repeat","background-position":"center center","background-size":"auto","background-attachment":"scroll","background-type":"","background-media":"","overlay-type":"","overlay-color":"","overlay-opacity":"","overlay-gradient":""}},"footnotes":""},"class_list":["post-7","page","type-page","status-publish","hentry"],"_links":{"self":[{"href":"https:\/\/recreactif.com\/index.php?rest_route=\/wp\/v2\/pages\/7","targetHints":{"allow":["GET"]}}],"collection":[{"href":"https:\/\/recreactif.com\/index.php?rest_route=\/wp\/v2\/pages"}],"about":[{"href":"https:\/\/recreactif.com\/index.php?rest_route=\/wp\/v2\/types\/page"}],"author":[{"embeddable":true,"href":"https:\/\/recreactif.com\/index.php?rest_route=\/wp\/v2\/users\/1"}],"replies":[{"embeddable":true,"href":"https:\/\/recreactif.com\/index.php?rest_route=%2Fwp%2Fv2%2Fcomments&post=7"}],"version-history":[{"count":24,"href":"https:\/\/recreactif.com\/index.php?rest_route=\/wp\/v2\/pages\/7\/revisions"}],"predecessor-version":[{"id":134,"href":"https:\/\/recreactif.com\/index.php?rest_route=\/wp\/v2\/pages\/7\/revisions\/134"}],"wp:attachment":[{"href":"https:\/\/recreactif.com\/index.php?rest_route=%2Fwp%2Fv2%2Fmedia&parent=7"}],"curies":[{"name":"wp","href":"https:\/\/api.w.org\/{rel}","templated":true}]}}